e -3*y - 25 = 4*t - 0*t, -t - c = 0. Determine w(y).
4
Let v(w) = 3*w + 1. Suppose -4 - 4 = -2*f. Suppose -2*p = 3*a - 5*p - 24, -4*a + p + 32 = 0. Let z be f*(3 - 28/a). Give v(z).
-5
Let v(k) = -3*k + 0*k + 3 + 70*k**3 - 5*k**2 - 71*k**3. Give v(-5).
18
Let k(r) = 4*r - 9 - 3*r - 4. Suppose -300 = -14*f - 202. Give k(f).
-6
Suppose -5*z - 3*u = 2*u - 45, z = u + 5. Let s = -3 + z. Let k(o) = -275 - 3*o + s*o + 278. What is k(-5)?
-2
Let d(f) = 3*f + 5. Let l be d(-7). Let u be (-15 - l)/(2/4). Let k(i) = i - u - 7 + 7. Calculate k(-4).
-6
Let n be (1 - -3)*1/4. Let y be (4 - n) + -3 + 3. Let v = y - 5. Let i(f) = -f**2 - 2*f - 2. Determine i(v).
-2
Suppose 4*v + 3*k + 10 = 0, -5*k + 14 = -v - 0*v. Let n be 2/v + (-27)/6. Let s(l) = l**3 + 4*l**2 - 3*l + 6. Give s(n).
-4
Let g be ((-3)/2)/(1/(-4)). Let r be (-6)/4*(-8)/g. Let u(v) = -8*v**2 + 18*v - 6. Let j(d) = -7*d**2 + 16*d - 5. Let w(y) = -7*j(y) + 6*u(y). What is w(r)?
-5
Let w(t) = -5*t + 4. Let g(i) = -i + 1. Let j(v) = -v + 20. Let n be j(14). Let z(k) = n*g(k) - w(k). Determine z(-4).
6
Let n(k) = 15*k**2 + 32*k - 6. Let i(r) = -16*r**2 - 38*r + 7. Let v(p) = -5*i(p) - 6*n(p). Determine v(2).
-43
Let b = -6 - -9. Let f(s) be the second derivative of -1/3*s**3 - 1/20*s**5 + 2*s + 1/3*s**4 - 2*s**2 + 0. Give f(b).
-1
Let m(s) = 104*s + 5. Let d(u) = 125*u + 6. Let n(i) = -5*d(i) + 6*m(i). Let j(q) = -q**3 - 5*q**2 + 8*q + 7. Let v be j(-6). Let h = v + 9. Calculate n(h).
-4
Suppose 3*m + 514 = 535. Let x(w) be the first derivative of w**2/2 - 4*w + 1. Calculate x(m).
3
Let j(l) = l**3 - 6*l**2 - 5*l - 9. Suppose -4*s = -4*h - 128, 3*s + 2*h = -3*h + 64. Let r = s + -21. Determine j(r).
5
Let m(n) = n**2 - 6*n + 6. Let p be m(5). Let b(a) = 3*a**2 - 105*a + 105*a - p. Suppose 0*k = -4*k - 4. Determine b(k).
2
Suppose 2*z - 4 - 3 = -v, -4*v - 20 = -4*z. Let f be (-8)/10*(-10)/z. Let n(g) = -12*g + 14. Let j(a) = -4*a + 5. Let s(q) = 11*j(q) - 4*n(q). Calculate s(f).
7
Let r(n) = -n**2 - 2*n + 45. Let x be r(-8). Let l(b) = -6*b - 6. Calculate l(x).
12
Let m(b) = -b**3 - 2*b**2 + 24*b - 5. Let g be m(-6). Let u(p) = p**3 + 5*p**2 - 4*p - 15. What is u(g)?
5
Suppose -68 = 5*t - 2*w, -6 = t - 5*w + 3. Let l = 17 + t. Let x(c) = -4*c**2 + 2 + l*c**2 + 94*c - 92*c. Give x(3).
-1
Let x be -2*(20/8 + 1). Let l(f) = -f**3 - 7*f**2 - 1. Let g be l(x). Let u(a) = 7*a. Calculate u(g).
-7
Let r(k) = -2*k - 2. Let n(z) = -z**3 + 20*z**2 + 8*z + 39. Let a(i) = -n(i) - 5*r(i). Calculate a(20).
11
Suppose -18*i + 75 = -15*i. Suppose -i - 40 = 13*h. Let r(m) = m**2 + 6*m + 4. Give r(h).
-1
Suppose -2*z - 2*z - 4*t + 4 = 0, -z - 5 = -5*t. Let l(a) be the first derivative of -a**3/3 - a**2/2 + 547. What is l(z)?
0
Let o(u) = u**2 - 2. Let a be o(2). Let h(y) = -a + 6*y + 3 - 3. Suppose -6*v + 22 = 5*v. Give h(v).
10
Let v be 7/(3/(-18)*-3). Let t = -14 + v. Let i(l) = -l**2 + l - 1. Determine i(t).
-1
Let l be -2*((-12)/2 - -4). Let o(s) = s**2 - 4*s + 4. Give o(l).
4
Let u(w) = w**3 + 21*w**2 - 2*w - 41. Let m(p) = -8*p**2 + 75*p + 29. Let z be m(10). Give u(z).
1
Let s(n) = n + 18. Let x be s(-6). Suppose 0 = -2*p - x. Let a(c) = -c**2 - 4*c + 8. Calculate a(p).
-4
Let f(v) = v - 9. Suppose 7*l - 2*d - 204 = 2*l, d = -2*l + 87. Suppose 0 = -5*x + l - 7. Give f(x).
-2
Let z(v) be the first derivative of v**2/2 - 2*v + 136. Give z(7).
5
Suppose -p = -2*p. Let c(w) be the second derivative of -w**6/720 + w**5/60 + 23*w**4/6 + 10*w. Let j(o) be the third derivative of c(o). Determine j(p).
2
Let o(k) = -k**2 - 3*k. Let x be (-10)/50 + (-14)/5. Let q(u) = -u**2 + 8*u - 4. Let n be q(8). Let w be x*(-3)/(18/n). What is o(w)?
2
Let c(b) = -24*b + 215. Let q be c(9). Let d(g) = 4*g - 2. Determine d(q).
-6
Suppose 3*u + 25 = 4. Let w be (7/(-3))/u*-9. Let v(q) = 4*q**2 - 10*q - 9. Let g(r) = r**2 - r - 1. Let y(i) = 5*g(i) - v(i). Give y(w).
-2
Let j(g) be the second derivative of g**3/3 + 3*g**2 + 20*g. Suppose -3 = b + 3. Calculate j(b).
-6
Suppose -30*q + 120 = -90*q. Let d(a) = a**3 + 2*a**2 - 3*a + 2. Give d(q).
8
Let f(y) = y**3 + y**2 - 2*y - 1 + 0 + 2*y**2. Suppose 7*v - 12*v - 30 = 0. Let q be v/12 + 15/(-6). What is f(q)?
5
Let a(g) = g**2 + 22*g - 9. Let s be a(0). Let t(d) = 5*d + 36. Give t(s).
-9
Let b(g) be the third derivative of g**7/5040 + g**6/72 - 37*g**5/60 - 38*g**2. Let l(k) be the third derivative of b(k). Calculate l(-9).
1
Let r(j) = j**2 + 6*j. Let h = -11 + 5. Let a be r(h). Let m(t) = -t**3 + 10. Calculate m(a).
10
Let x(n) = -n**2 - n + 1. Let i(q) = -7*q**2 + 11*q - 10. Let v(j) = -i(j) + 6*x(j). Give v(18).
34
Let z(v) = 46*v**2 + 12*v - 17. Let a(u) = -8*u**2 - 2*u + 3. Let j(c) = 11*a(c) + 2*z(c). Let h = 7 - 3. Let y be (2/4)/(2/h). Calculate j(y).
5
Let b(a) = -a**2 + a. Let g(w) = w**2 - 2*w + 1. Let k(i) = -2*b(i) - 3*g(i). Let n = -45 - -48. Calculate k(n).
0
Suppose 4*l + 3*p - 337 - 37 = 0, 0 = 4*p + 8. Let c = 98 - l. Let n(z) = -z**3 + 4*z**2. Calculate n(c).
9
Let b(f) be the third derivative of -f**5/60 + 5*f**4/12 - 13*f**3/6 - 333*f**2. Let g = -9 + 18. Calculate b(g).
-4
Let a(x) = 11*x**2 + 13*x**2 - 36*x**2 + 11*x**2 - 3*x + 14. Calculate a(-6).
-4
Let a(z) = -7*z**3 + 14*z**2 - 6. Let n be (-1)/(-1 + 0)*-5. Let y(r) = -6*r**3 + 13*r**2 - r - 6. Let w(g) = n*a(g) + 6*y(g). What is w(7)?
1
Let w(p) = p**3 + 4*p**2 - p - 2. Let y(z) = z**3 + 8*z**2 + 8*z + 8. Let t be y(-7). Let s be -2 + (-1 + t - 2). Determine w(s).
2
Let i(q) = -7*q**2 + 28*q - 1. Let s be i(4). Let t(b) = 22*b**2 - 2*b - 1. Determine t(s).
23
Let n(t) = -t**3 + t**2 + 3*t - 2. Let m be n(2). Suppose m = -9*y + 8*y - 7. Let b(d) = d**2 + 6*d + 4. Determine b(y).
11
Let p(r) = 4*r**3 - 4*r - 1. Let l(o) = o**3 - o. Suppose -5*y + 3 = -2. Let j(a) = y*p(a) - 3*l(a). Let w(d) = 2*d - 37. Let x be w(18). Determine j(x).
-1
Let d(n) = -n + 7*n - 1 + n. Let b be (3/4)/((-105)/(-140)). Give d(b).
6
Let y(f) = f - 28. Let k be (-1)/((-1)/(-3))*2044/(-438). What is y(k)?
-14
Suppose -4*b = -3*b + 5. Let q(m) = -2*m + 9*m - 3*m. Let r(x) = -4*x. Let g(d) = b*q(d) - 6*r(d). What is g(-3)?
-12
Let s = -3 - -3. Suppose s = -2*t - 2 - 2. Let q(z) = -7*z + 20. Let n(x) = -9*x + 25. Let u(m) = -4*n(m) + 5*q(m). Determine u(t).
-2
Let b(c) be the first derivative of 1/120*c**6 + 1/4*c**4 + 1 + 0*c + 7/60*c**5 + 5/6*c**3 - 5/2*c**2. Let d(m) be the second derivative of b(m). What is d(-6)?
5
Let n(r) be the second derivative of r**5/120 - 4*r**3/3 + 10*r. Let x(a) be the second derivative of n(a). Give x(-5).
-5
Let g(p) = -3*p - 3. Let a(t) = -10*t + 6. Suppose -4 = -4*z + b, -4*z - 5*b + 2 = -2. Let j be a(z). What is g(j)?
9
Let i(m) be the third derivative of -1/120*m**6 + 0*m + 0*m**5 + 5*m**2 + 0 + 1/2*m**3 + 1/12*m**4. Calculate i(-2).
7
Let q(b) be the third derivative of b**4/24 + 7*b**3/6 + b**2. Let u be q(-7). Let w(p) = -6*p - 2 - 5*p + 9*p + u*p. Give w(-2).
2
Let z(q) = -q**2 + 3*q + 7. Let d be z(3). Let m(v) = 3 - 7*v - d + v**2 + 7 + 2. What is m(8)?
13
Let w(f) = f**3 - 12*f - 2*f + 2*f + 6*f + 2*f**2 + 7*f + 3. What is w(0)?
3
Let c(z) = -1 + 11*z**2 - 32*z**2 + 12*z**2 + 11*z**2 - 2*z + z**3. Let s = -1 - 2. Determine c(s).
-4
Suppose h = 8 - 0. Let f(j) = -7*j**2 + 5 - 10*j - 3*j**3 + 6*j + 3 + 4*j**3 - 5*j. What is f(h)?
0
Let i(g) be the first derivative of -5*g**4/12 - 5*g - 1. Let z(q) be the first derivative of i(q). Suppose -27 = 2*v - 5*y, 3*v - 5*y + 12 = -16. Give z(v).
-5
Suppose 4*v - 16 = -0*v. Suppose -2*l = v*u + 7 - 35, -16 = -2*l - u. Let f(r) = -4*r**2 + 4*r**2 + 0 - 6*r + 7*r**2 - l - r**3. Calculate f(5).
14
Let y(l) be the first derivative of 3*l**2 + 13*l - 2*l - 4*l + 24 - 8*l. Give y(1).
5
Suppose -2*t = 5*k - 19, 5*k + 2 - 23 = -3*t. Suppose -2*x = 2, 5*b - 6*b - 2 = -t*x. Let w(a) = -2*a**2 - 6*a - 2. What is w(b)?
-10
Let n(f) = -6*f + 21. Suppose 5*q + 10 - 40 = 0. Determine n(q).
-15
Suppose -12*p - 52 = -10*p. Let h be 1 + 2/6 + p/78. Let n(z) = -6*z**2 - 1. Determine n(h).
-7
Let z(i) be the first derivative of i**2/2 - 2*i + 174. Calculate z(3).
1
Suppose 4*z + 21 = 1. Let b(x) be the first derivative of -3*x**2/2 + 6*x + 5. Let w(r) = 3*r - 7. Let h(l) = z*w(l) - 6*b(l). What is h(3)?
8
Let c(i) = -i**3 + 5*i**2 + 2*i + 7. Let f = 99 - 95. Suppose 0 = -5*